pose -29*r + 11*r + 12906 = 0. What is the units digit of r?
7
Let b(u) = 687*u**2 + 7*u + 6. What is the units digit of b(-1)?
6
Suppose 7*r = 10*r. Suppose -5*k + r = -20. What is the units digit of k?
4
Suppose 2*g - g - 2*z - 411 = 0, -z = -g + 416. Suppose f = -i + 206, 6*i - 4*i - f = g. What is the tens digit of i?
0
Let t be 0/2*(-1)/(-2). Suppose 8*m - 2*m = 30. Suppose t = -0*r + m*r - 115. What is the units digit of r?
3
Let r = 293 + -213. What is the tens digit of r?
8
Let o(q) = q**2 - 6*q + 9. Let v(c) = 5*c**2. Let i be v(1). Let a be (2 + -1)/(1/i). What is the units digit of o(a)?
4
Let d = -35 + 231. What is the units digit of d?
6
Let k(d) = 35*d - 111. What is the tens digit of k(9)?
0
Let k be (-6)/(-9) + 328/3. Let d be k/(0 - -2)*2. What is the tens digit of 2440/d - 2/11?
2
Let i(l) = -26*l + 10. Let s be i(3). Let x = 115 + s. What is the units digit of x?
7
Suppose 9*v - 15*v + 150 = 0. Suppose 21*s + 88 = v*s. What is the tens digit of s?
2
Suppose 8*r - 98 - 30 = 0. Let j = 8 + 11. Let u = j - r. What is the units digit of u?
3
What is the units digit of (-25 - -28 - (-784)/3)*15?
5
Let g = 43 - 39. Suppose 4*h + g*v - 378 = 498, -5*v = -10. What is the tens digit of h?
1
Suppose -469 = -18*t - 145. Suppose -2*z + 5*k + 171 + t = 0, 4*z - 423 = -5*k. What is the units digit of z?
2
Suppose 6 = -o + 62. Suppose 0 = -4*r - 12, -2*s + 2*r = 6*r - o. What is the units digit of s?
4
Let l(t) be the third derivative of t**5/15 + t**4/12 + t**3/6 + 2*t**2. Let q be l(-1). Suppose -21 = -q*x + 27. What is the units digit of x?
6
Suppose -3*l - 2*l - 40 = -5*i, 4*l = -4*i. Suppose -z = -2*r + 2 + i, 4*z + 12 = 4*r. Suppose 3*o - 66 = -z*o. What is the units digit of o?
2
Let x be 6/14 - 51/21. Let o be x/(-4) - (-3)/2. Suppose -o*c - 82 = -4*y, 0*c - 63 = -3*y + 3*c. What is the units digit of y?
0
Let b be (-2)/(-3) - (-12)/(-18). Suppose -3*y + 2*y + 35 = b. Suppose y = 5*t + 5. What is the units digit of t?
6
What is the units digit of ((-34)/4)/(1350/(-672) + 2)?
2
Let j(t) = t**2 + 4*t - 2. Let v be j(-4). Let s be (v - 0)/((-2)/17). Suppose -2*y + s = 3*w - 52, 2*w + 220 = 5*y. What is the units digit of y?
2
Suppose -17*w + 20 = -12*w. Suppose -a + w*a = 177. What is the tens digit of a?
5
Let h = -13 - -10. Let n be 2*(-2 - (2 + h)). What is the units digit of 35/3 - n/6?
2
Let p(j) = -j + 229. Let y be p(0). Suppose -69 + y = -5*c. Let b = c - -45. What is the units digit of b?
3
Suppose 24*j - 19*j = 445. What is the tens digit of j?
8
Let g = 726 + 1674. What is the units digit of g?
0
Suppose -13*p + 976 = -142. What is the tens digit of p?
8
Let b(k) = 2*k + 8. Let o be b(-3). What is the tens digit of 64 - -2 - o/2?
6
Let z be (-6)/14 - 438/(-42). What is the units digit of z - (16/4 - 2)?
8
Suppose -4*w + 362 = -3*w. Suppose -4*y + 7*h + 292 = 3*h, -4*h - w = -5*y. What is the units digit of y?
0
Let t = 96 - -65. What is the hundreds digit of t?
1
Let o = 353 + -241. Let f = o - -47. What is the hundreds digit of f?
1
Let d be 40/(-6)*(-12)/(-8). Let y(q) = -1. Let f(g) = -4*g + 18. Let b(r) = f(r) + 5*y(r). What is the tens digit of b(d)?
5
Suppose -6*s - 3516 = -7*s + 5*w, w = 4. What is the hundreds digit of s?
5
Suppose -70 = -13*h + 1542. Let s be (284/6)/(6/9). Let d = h - s. What is the tens digit of d?
5
What is the units digit of (1/((-2)/(-14)))/((-1)/(-7))?
9
Let p(l) = 2*l**2 - 2*l - 22. Let x(d) = d - 1. Let j be x(-5). What is the tens digit of p(j)?
6
Suppose -4*i - 4*l = -2640, 5*l = -4*i + 9*i - 3260. What is the tens digit of i?
5
What is the tens digit of (393/(-2))/(-7 + 574/84)?
7
Let c(y) = -144*y + 10. What is the hundreds digit of c(-5)?
7
Let y = 17 - 13. Suppose y*g + 14 = 18. What is the units digit of g?
1
Let d = 78 - 152. Let c = 112 + d. What is the tens digit of c?
3
Let n(z) = z**3 - 3*z**2 - 5*z - 3. Let c be n(4). Let k be c/(-28)*(10 - -2). Let d(h) = 7*h + 2. What is the units digit of d(k)?
3
Let j(l) = 13*l**2 + 5*l + 52. What is the units digit of j(-6)?
0
Let b be 25/2 - (-12)/(-24). Let r(p) = 9*p + 51. What is the tens digit of r(b)?
5
Suppose -4*r - 2*z - 509 + 2373 = 0, -2*z + 2330 = 5*r. What is the units digit of r?
6
Let o(b) be the third derivative of 5/6*b**3 + 0*b + 0 + 1/60*b**5 - 5/24*b**4 - 3*b**2. What is the units digit of o(5)?
5
Let w = -10994 + 15466. What is the units digit of w?
2
Let w(d) = d + 40. Let o be w(0). Suppose -h + o = -20. What is the tens digit of h?
6
Suppose f = -q + 48, 3*f + 0*q - 123 = 4*q. What is the units digit of f?
5
What is the tens digit of 65 + -61 + 10/(-4)*-1084?
1
Suppose 0 = 3*p - 4*h - 6, -2*h + 4*h = -3*p + 6. Suppose -5*z + 7*t + 685 = p*t, 409 = 3*z - 5*t. What is the tens digit of z?
3
Let j(w) = -117*w - 231. What is the tens digit of j(-8)?
0
Let b = -130 + 124. Let u = b + 60. What is the tens digit of u?
5
Let s(y) = -3*y - 3*y - 9*y + 6*y + 2. Let g = -6 - -2. What is the tens digit of s(g)?
3
What is the units digit of (-9 + (3 - -8))/((-4)/(-4394))?
7
Let j(o) = 25*o**2 - 12. What is the tens digit of j(-5)?
1
Suppose 130*o = 123*o + 4522. What is the tens digit of o?
4
Suppose -5*z + 28 = -2*o - z, o - z = -17. What is the tens digit of 80*(o/10 - (-7)/2)?
2
Let i be (-555)/(-90) - 1/6. Let v(s) = 3*s**2 - 5*s + 12. What is the tens digit of v(i)?
9
Let m = -69 - -63. What is the units digit of m/18 + 3/(27/975)?
8
Let g = -13 + 15. Let v(l) = -7*l - l + g*l**2 + 3*l - 5*l. What is the units digit of v(7)?
8
Let a(j) = 4*j + 307. What is the hundreds digit of a(-26)?
2
Suppose 3 = 3*l + 9. Let o = 4 + l. Suppose o*t - 4*m = 68, 4*t + 5*m - 23 - 61 = 0. What is the tens digit of t?
2
Let b(s) = -42*s + 3. What is the units digit of b(-1)?
5
Let s be (1/(-2))/((-6)/120). Let w(r) = 16 - r**2 + 4 + 3 - 12 + s*r. What is the units digit of w(8)?
7
Let x(o) = o**2 + 23*o + 5. Let q be x(-7). Let i = q + 150. What is the units digit of i?
3
Let j(l) be the third derivative of 5*l**4/6 - 47*l**3/6 + 10*l**2. What is the tens digit of j(8)?
1
Let w(p) = -22*p + 179. What is the units digit of w(4)?
1
Let d = 3952 - 2732. What is the hundreds digit of d?
2
Let m = -33 + 73. What is the units digit of -1 + (m/5 - -3)?
0
Suppose 5*f - 2 = 8. Suppose 0 = 3*j - 2*x - 143, -4*j - 4*x + 200 = -2*x. Suppose 5*i - 10 = -f*t + 44, 3*i + j = t. What is the tens digit of t?
3
Let k(d) = -d**3 + 6*d**2 + 3*d + 2. Let o be k(6). Let t = o + -20. Suppose c + 2*c - 138 = t. What is the units digit of c?
6
Let i = 18 + -26. What is the tens digit of (-158)/i + (-8)/(-32)?
2
Let t(o) = -o**2 + 8*o - 6. Let x be t(5). Suppose -130 = x*j - 14*j. Suppose a - j = -a. What is the units digit of a?
3
Let r(i) = 3*i + 0 + 12*i + 3. Let j be r(3). What is the tens digit of j*(2/4)/1?
2
What is the units digit of (-1736)/420 + 4 + 10652/15?
0
Let c(l) = 15 + 5*l**2 + 89*l - 85*l - 2*l**2 + 13. What is the units digit of c(8)?
2
Let s be 4/(-26) - (-903)/39. Suppose 0 = -3*j - 4*c + s + 136, -c + 3 = 0. What is the tens digit of j?
4
Suppose -3*l = -17 + 29. What is the hundreds digit of 20232/96 - 1/l?
2
Suppose -2*p - 970 = -5*b - 6*p, -595 = -3*b - 5*p. What is the units digit of b/8 + (-21)/28?
3
Suppose 6*n - 200 = 11*n. What is the hundreds digit of (-18)/(25/n*12/50)?
1
Let t(a) = -a**2 + 3*a - 92. Let k be t(0). Suppose -4*n - 4*s + 584 = 0, -780 = 2*n - 7*n + 5*s. Let z = k + n. What is the tens digit of z?
5
Let z(f) = 9*f**2 + 29*f + 90. What is the thousands digit of z(-13)?
1
Let z(g) = 13*g + 7. Let x(a) = -6*a - 9. Let j be x(-2). What is the tens digit of z(j)?
4
Let w = 109 + -66. Let o = -22 + w. What is the tens digit of o?
2
Let y(a) be the first derivative of a**4/4 + a**3 - 2*a**2 - 2*a - 3. Let n be y(-3). Let q = -9 + n. What is the units digit of q?
1
Suppose 2*p - 3 - 3 = 0. What is the units digit of (p - (-415)/(-10))*-2?
7
Let s(g) = 4*g**3 - 8*g**2 + 16*g - 44. What is the units digit of s(5)?
6
Let l(c) = 46*c + 1. Let r be l(2). Let m be ((-4)/(12/(-3)))/((-1)/(-46)). Let f = r - m. What is the tens digit of f?
4
Let y(m) = -25*m + 19. Let c be y(-5). Suppose -c + 42 = -2*l - 4*p, 0 = -4*l - 5*p + 204. What is the units digit of l?
1
Suppose -3*r + 3*g - 18 = 0, -4*r + 2*g = -6*r - 28. Let a be 1*-1 - 30